23
Calculate the greatest common divisor of 409218 and 566.
566
What is the highest common factor of 270 and 971442?
18
What is the highest common divisor of 195 and 871?
13
What is the highest common factor of 131364 and 4756?
164
What is the greatest common factor of 15 and 5341560?
15
What is the highest common divisor of 36861 and 891?
33
What is the highest common divisor of 137864 and 228?
76
Calculate the greatest common divisor of 178515 and 45.
45
What is the highest common factor of 48 and 633084?
12
Calculate the highest common factor of 775 and 11475.
25
What is the greatest common divisor of 164226 and 404?
202
Calculate the greatest common factor of 297464 and 515.
103
Calculate the highest common divisor of 713 and 6072.
23
Calculate the greatest common divisor of 501 and 16032.
501
What is the greatest common factor of 2637480 and 124?
124
What is the greatest common divisor of 756 and 31612?
28
What is the greatest common factor of 5807311 and 59?
59
Calculate the highest common factor of 3 and 1052901.
3
Calculate the greatest common factor of 227103 and 2074.
1037
Calculate the greatest common factor of 66 and 7290.
6
Calculate the greatest common factor of 9855390 and 30.
30
What is the highest common divisor of 12 and 3550320?
12
What is the highest common divisor of 48 and 17796?
12
Calculate the greatest common divisor of 23436 and 11529.
189
Calculate the greatest common divisor of 90944 and 8428.
196
What is the greatest common divisor of 2689633 and 118?
59
What is the greatest common divisor of 17409 and 798?
21
What is the highest common factor of 26269 and 109?
109
What is the highest common factor of 8357 and 3836?
137
Calculate the highest common divisor of 85 and 122485.
85
What is the highest common factor of 84 and 44828?
28
Calculate the greatest common divisor of 72 and 2758176.
72
Calculate the highest common factor of 69 and 15594.
69
What is the greatest common divisor of 7896 and 1071?
21
Calculate the highest common factor of 1806 and 89096.
602
What is the highest common factor of 2015367 and 34?
17
Calculate the highest common factor of 1980 and 115137.
99
Calculate the highest common factor of 3686 and 342.
38
What is the greatest common divisor of 1580 and 3940?
20
What is the greatest common factor of 3236245 and 465?
155
Calculate the greatest common factor of 3314004 and 5136.
1284
What is the highest common divisor of 4182 and 218688?
102
What is the greatest common factor of 657 and 4857201?
657
Calculate the highest common factor of 6794 and 1817.
79
What is the highest common divisor of 1219345 and 46?
23
Calculate the highest common factor of 4 and 15676.
4
What is the greatest common divisor of 35 and 1765?
5
Calculate the greatest common factor of 15162 and 150822.
798
Calculate the greatest common divisor of 5640266 and 926.
926
What is the greatest common divisor of 19727 and 1?
1
Calculate the highest common factor of 48560 and 40.
40
Calculate the greatest common divisor of 407067 and 423.
141
Calculate the highest common divisor of 2725 and 12535.
545
What is the greatest common factor of 381 and 703707?
381
What is the greatest common factor of 225 and 3180?
15
Calculate the greatest common divisor of 283151 and 154.
11
What is the highest common factor of 155523 and 376?
47
What is the highest common divisor of 168 and 402507?
21
Calculate the highest common divisor of 395 and 139119.
79
What is the greatest common factor of 2673 and 10219?
11
Calculate the greatest common factor of 890 and 580458.
178
Calculate the greatest common factor of 923 and 1349.
71
Calculate the highest common divisor of 302 and 101774.
302
What is the highest common factor of 204 and 347973?
51
What is the highest common factor of 434 and 128278?
62
What is the highest common factor of 517601 and 7?
7
Calculate the greatest common divisor of 40072 and 16.
8
What is the highest common factor of 16055 and 25?
5
Calculate the highest common divisor of 8181 and 59691.
303
Calculate the greatest common factor of 264 and 20031.
33
What is the highest common factor of 14 and 105140?
14
What is the greatest common divisor of 38 and 31?
1
What is the highest common divisor of 13840 and 260?
20
What is the greatest common factor of 1496 and 139502?
374
What is the greatest common factor of 10602 and 35568?
342
Calculate the greatest common factor of 24 and 50176.
8
What is the highest common factor of 1235192 and 392?
392
Calculate the greatest common factor of 1015 and 1968085.
1015
What is the highest common divisor of 1298 and 68086?
118
What is the highest common factor of 1383676 and 224?
28
What is the highest common factor of 6904146 and 348?
174
What is the highest common factor of 45441 and 858?
33
Calculate the highest common factor of 376 and 3144.
8
Calculate the greatest common divisor of 32 and 22544.
16
Calculate the greatest common divisor of 24342 and 12.
6
What is the highest common divisor of 1710 and 110?
10
Calculate the greatest common divisor of 20864 and 1141.
163
Calculate the highest common factor of 25500 and 96.
12
Calculate the highest common divisor of 445380 and 832.
52
Calculate the greatest common divisor of 84910 and 70.
70
Calculate the greatest common divisor of 18 and 11922.
6
What is the highest common factor of 85 and 31200?
5
What is the highest common factor of 131557 and 449?
449
What is the highest common factor of 10210980 and 30?
30
Calculate the greatest common factor of 132336 and 216.
72
What is the greatest common factor of 23577 and 117015?
87
Calculate the highest common divisor of 960 and 195.
15
Calculate the greatest common divisor of 4556 and 345452.
268
Calculate the highest common factor of 19958 and 986.
34
Calculate the greatest common factor of 289 and 6341.
17
What is the highest common divisor of 81 and 14472?
27
What is the highest common factor of 592 and 36075?
37
Calculate the highest common divisor of 194056 and 11684.
508
Calculate the highest common divisor of 4032 and 61677.
63
What is the greatest common divisor of 12650 and 404250?
550
What is the highest common divisor of 1545 and 42360?
15
Calculate the highest common factor of 74104 and 2198.
314
Calculate the greatest common factor of 2617 and 10.
1
Calculate the highest common divisor of 560 and 370160.
560
Calculate the greatest common factor of 495 and 84195.
45
Calculate the greatest common factor of 4074 and 485.
97
Calculate the greatest common factor of 92275 and 225.
25
What is the greatest common factor of 14645 and 61045?
145
What is the greatest common factor of 488142 and 1692?
846
What is the highest common divisor of 75 and 241375?
25
What is the greatest common factor of 70 and 80724?
14
What is the greatest common divisor of 264 and 185112?
24
Calculate the greatest common factor of 1968 and 46576.
656
Calculate the highest common divisor of 3460 and 16700.
20
What is the highest common divisor of 46896 and 18?
6
Calculate the greatest common divisor of 2806 and 17934.
122
What is the greatest common factor of 513084 and 208?
52
Calculate the greatest common divisor of 3766 and 140418.
538
What is the greatest common divisor of 435 and 365487?
87
Calculate the greatest common factor of 16044 and 63.
21
Calculate the greatest common factor of 10959 and 312.
39
Calculate the greatest common factor of 27602 and 185.
37
What is the greatest common factor of 3250 and 1617200?
650
Calculate the highest common factor of 28799 and 62.
31
What is the greatest common divisor of 2197 and 7774?
169
Calculate the greatest common divisor of 36316 and 392.
28
What is the greatest common factor of 786 and 192963?
393
Calculate the highest common factor of 2211548 and 4.
4
What is the greatest common divisor of 94375 and 625?
625
What is the greatest common divisor of 273994 and 56?
14
What is the greatest common factor of 2778 and 3642421?
463
Calculate the greatest common factor of 1063336 and 23.
23
What is the greatest common divisor of 17 and 107083?
17
What is the greatest common divisor of 540 and 2451330?
270
Calculate the greatest common divisor of 6821 and 304.
19
What is the highest common factor of 87153 and 99?
33
What is the greatest common divisor of 872499 and 741?
57
Ca